rs of x.
13
Let r be -10*(3/(-6) - 0). Suppose 153 - 53 = r*x. What are the prime factors of x?
2, 5
Let y = 3 - -87. Suppose 5*q - y = -30. List the prime factors of q.
2, 3
Let d(j) = j**3 - 10*j**2 + j - 4. Let m be d(10). Suppose o - m*o + 35 = 0. Let a = 9 + o. What are the prime factors of a?
2
Let q = 18 - -11. List the prime factors of q.
29
Let f = 49 - -9. List the prime factors of f.
2, 29
What are the prime factors of (-1*(-190)/(-5))/(-1)?
2, 19
Let d(i) = -i**3 - 7*i**2 + 9*i + 7. Let p be d(-8). Let q = p + 11. Suppose -q = -3*f + 11. List the prime factors of f.
7
Suppose 0 = -0*v - v + 53. List the prime factors of v.
53
Suppose 5*h = h + 16. Suppose 4*a = -2*d + h*d - 22, -5*a + 3*d = 30. List the prime factors of 12 + a - (-2)/(-2).
2
Suppose 2*w = 4*u - 5 - 269, 2*w = 5*u - 340. What are the prime factors of u?
2, 3, 11
Suppose v + h + 2 = 15, 4*v - 4*h - 12 = 0. Let j(k) be the third derivative of k**5/60 - k**4/3 + 2*k**3 - 5*k**2. What are the prime factors of j(v)?
2, 3
Let u be (4 - 1)/(2/32). What are the prime factors of (-32)/u + 136/6?
2, 11
Let p(j) = 4*j - 5. List the prime factors of p(6).
19
Let y = 25 + -21. What are the prime factors of (2/(-4))/(y/(-72))?
3
Let k = 71 - 105. Let u = 9 - k. What are the prime factors of u?
43
Let g = -7 + 15. What are the prime factors of (-5 - (3 + -6)) + g?
2, 3
Let g(o) = 12*o + 1. Let t be g(1). Let c = -9 + t. List the prime factors of c.
2
Let b(r) = 3*r - 3. Suppose 0*f - 1 = -f, 5*f + 3 = 4*j. What are the prime factors of b(j)?
3
Let z(s) = -2*s - 1. Suppose -2*m + 7 = 4*x - 7, -4*x = -m - 23. Let l be z(m). Let i = l + 6. What are the prime factors of i?
11
Let t = 80 - 48. List the prime factors of t.
2
Let s(u) = -u**2 + 9*u + 2. Suppose -3*y + 21 = -0*y. What are the prime factors of s(y)?
2
Let v(b) = -b**3 - b**2 + b. Let y(s) = 8*s**3 + 3*s**2 - 2*s - 1. Suppose 0 = -0*m - m + 5. Let i(h) = m*v(h) + y(h). List the prime factors of i(2).
3, 7
List the prime factors of (-231)/22*(-8)/3.
2, 7
Let s be (-92)/(-20) + (-4)/(-10). Suppose 2*p = 2*y - 1 + 31, -s*p + 83 = -3*y. What are the prime factors of p?
19
What are the prime factors of 1/(476/(-240) + 2)?
2, 3, 5
Suppose -5*p + p + 116 = 0. Suppose -36 = u - 3*u - 4*a, -p = -3*u - a. List the prime factors of u.
2
Let b(k) = -k**2 + 8*k + 5. Let p be b(4). Suppose 0 = -u - s - s - 7, -s = -1. Let l = u + p. List the prime factors of l.
2, 3
Let v be (-1)/4 + 45/20. Suppose -y - 80 = -v*n + y, -80 = -2*n - 4*y. List the prime factors of n.
2, 5
Let n(z) be the first derivative of 5*z**2/2 - 3*z + 1. Suppose 99 = 5*h + 74. List the prime factors of n(h).
2, 11
Let r = -362 + 601. List the prime factors of r.
239
Let q(u) = u**3 + 13*u**2 + 7*u + 3. List the prime factors of q(-12).
3, 7
Let v = 0 - -2. Let z be (1 - (v + 0))*0. Suppose 3 = 2*t + j, z = 2*t + 3*t + 4*j. What are the prime factors of t?
2
Suppose 5*p + 12 + 0 = -3*z, z + 24 = 5*p. Let d = z + 15. List the prime factors of 2*d/(-4)*-1.
3
Let y = 4 - -69. Let s = -49 + y. List the prime factors of s.
2, 3
Suppose -4*c - 5*d = -18, 5*c - 3*d - 6 = -d. Suppose -5*l + 58 = -c. List the prime factors of l.
2, 3
Suppose 9*f = 13*f - 12. Let q = f + 2. What are the prime factors of q?
5
Suppose 0 = 4*s + 2*l + l - 73, l - 83 = -5*s. List the prime factors of (8/(-10))/(s/(-200)).
2, 5
Suppose -5*p + 220 = 5*y, -4*p + 0*p + 130 = 3*y. Let c = y - 14. What are the prime factors of c?
2
Let o = 1 + -1. Suppose k + 2 + 22 = o. List the prime factors of (2/2)/((-2)/k).
2, 3
Let u = 4 - 0. Let c be (-1074)/(-45) + (-16)/(-120). Suppose u = -4*a + c. What are the prime factors of a?
5
Let z(k) be the second derivative of k**5/20 + 2*k**4/3 + 5*k**3/6 - 5*k**2 + k. Let s be z(-7). Let f = 8 - s. List the prime factors of f.
2
Suppose 2*q - 2*w = 152, -3*w - 257 - 119 = -5*q. Suppose 0 = -15*k + 17*k - q. List the prime factors of k.
37
Let l be (-65)/(-30) + 2/(-12). Suppose d - 54 = -l*d. List the prime factors of d.
2, 3
Suppose 4*i - 15 = -i. Suppose c = x - c - 31, -i*x = 5*c - 82. Suppose -4 = 5*f - x. What are the prime factors of f?
5
Let x = -12 - -51. List the prime factors of x.
3, 13
Let d = -8 - -9. Suppose -n = d + 7. Let p = 10 + n. What are the prime factors of p?
2
Suppose -f + 6 = 3. Suppose -21 = -f*p + 12. List the prime factors of p.
11
Let x(z) = -z**2 - 15*z + 19. What are the prime factors of x(-16)?
3
Suppose -24*y = -25*y + 2. Suppose -21 = -y*a + 11. What are the prime factors of a?
2
Let r = -164 + 475. List the prime factors of r.
311
Let a = 77 - 21. What are the prime factors of a?
2, 7
What are the prime factors of 54 - 4*1/12*3?
53
Suppose 9*l = 4*l + 2305. Suppose -h + 2*h = 3*q + l, 0 = -2*h + 3*q + 937. What are the prime factors of 4/(-18) - h/(-36)?
13
What are the prime factors of (3/(-9))/((-9)/1188)?
2, 11
Let k(b) = 2*b - 9. Let a be k(8). Let j(w) = 2*w + 2. What are the prime factors of j(a)?
2
Let h be ((-96)/28)/((-3)/21). Let a = h - -6. What are the prime factors of a?
2, 3, 5
Let q = 4 + 34. List the prime factors of q.
2, 19
Suppose 2*g = 3*g + 6. Let p(u) = -u**2 - 8*u - 9. List the prime factors of p(g).
3
Let z be ((-104)/(-6))/(1/3). Suppose -5*v + z = -3*v. List the prime factors of v.
2, 13
Let t(h) = -h**3 - 3*h**2 + 5*h + 1. Let l be t(-4). Let a(o) = -9*o - 2. What are the prime factors of a(l)?
5
Let y(h) = 6*h - 2. Suppose 0 = -5*n + 6 + 4. What are the prime factors of y(n)?
2, 5
Suppose 0 = -4*h - 4*q + 473 - 93, 5*q - 196 = -2*h. What are the prime factors of h?
3, 31
Let x = -17 + 19. List the prime factors of x.
2
Let m(b) = b. Let v(x) = 2. Let s(q) = -6*m(q) + 2*v(q). Let c be s(3). Let u = -8 - c. List the prime factors of u.
2, 3
Let l = 190 - 111. What are the prime factors of l?
79
Suppose -3*x + 115 = 5*m, -x - 68 = -3*m - 3*x. Let h = m - 3. What are the prime factors of h?
23
What are the prime factors of (-6)/(-4) - (-182)/4?
47
Let v(o) = -o**3 + 4*o**2 + o + 3. Let i be v(5). Let a = i - -30. List the prime factors of a.
13
Suppose -x = 4*x - 205. Suppose r - x = 2. Suppose 3*q + 0*q + r = 2*z, -z + 3*q = -29. What are the prime factors of z?
2, 7
Let r(l) = -l - 2. Let h be r(-5). Suppose 5*t - 290 = -x + 2*x, h*x + 15 = 0. Suppose 0 = 4*o - 3 - t. List the prime factors of o.
3, 5
Suppose 0 = -4*s - 4*p + 56, 0*s - s - 2*p = -10. Let u = 45 - s. Suppose 1 + u = 4*w. List the prime factors of w.
7
Suppose 3*r - 71 = 5*x, -2*r + x + 111 = 3*r. Let w be (13/(-2))/(2/4). Let a = w + r. What are the prime factors of a?
3
Suppose 2*s = 6*s + 8. List the prime factors of 1 + 15/(-6)*s.
2, 3
Suppose 2*a = 3*p - 579, 0*p - 3*p + 588 = a. What are the prime factors of p?
3, 5, 13
What are the prime factors of (-3 + 29/(-3))/(2/(-24))?
2, 19
Suppose -100 = -x + 20. List the prime factors of x.
2, 3, 5
What are the prime factors of ((-48)/64)/((-1)/20)?
3, 5
Suppose -4*d = -3*i - 5, 4*d + 1 - 11 = -2*i. Let j(l) = 3*l**2 + l. List the prime factors of j(i).
2
Suppose 2*m - 27 = -m. Let o be -1*(4 + -1)*-1. Let u = m + o. List the prime factors of u.
2, 3
Let o be 127/4 - 1/(-4). Suppose 2*g = g + 2*a - 7, 4*g - o = -4*a. Suppose -g*y + y + 22 = 0. List the prime factors of y.
11
Let i = 2 - -1. Suppose 0 = -5*x - m - 8 - 2, 18 = -i*x - 3*m. What are the prime factors of 1/x + -1 + 12?
2, 5
Suppose -4*i = 5*k - 5*i - 20, 5*k - 20 = 5*i. Suppose 16 = -0*t - k*t. Let b = t + 6. What are the prime factors of b?
2
Let m(q) = -2*q. Let a(v) = -v**2 + v. Let h(g) = -a(g) - m(g). List the prime factors of h(3).
2, 3
Suppose w = -w + 8. What are the prime factors of (3 + (-1 - w))*-1?
2
Let z(i) = i**3 - 7*i**2 - 8*i. Let u be z(8). Let x = 13 - u. Suppose -3*c - 5*k = -6*k - x, 0 = 2*c - 4*k - 22. What are the prime factors of c?
3
Let h = 45 + 13. List the prime factors of h.
2, 29
Let p(n) = -n**3 + 15*n**2 - 4*n - 19. What are the prime factors of p(12)?
5, 73
Let r be -1 + 2/(-2) + 1. Let j be (-1 - 0) + 9/r. List the prime factors of (-4)/j*(32 - 2).
2, 3
Suppose -2*y - 26 = -t, -5*y = 3*t + 3 - 37. Suppose -h - 2 = -11. Let z = t - h. What are the prime factors of z?
3
Let m = -8 + 14. Suppose 48 = 3*o - m. List the prime factors of o.
2, 3
Let x(p) = -3*p + 11. Let c(d) = d - 5. Let w(f) = -9*c(